 - 33. What are the prime factors of a?
5
Suppose -5*i + f + 4 = -2, 5*f + 10 = 5*i. Let p = 4 - 11. Let z = i - p. What are the prime factors of z?
2
Suppose -27 = -2*r + 157. What are the prime factors of r?
2, 23
Let m(x) be the second derivative of -7*x**3/6 - 2*x**2 + 2*x. What are the prime factors of m(-3)?
17
Let m = 3 - -36. List the prime factors of m.
3, 13
Let x = -31 - -7. Let t be (2/6)/((-2)/x). Let y = 6 - t. List the prime factors of y.
2
Suppose 0 = 4*g - 113 - 63. Suppose -4 = -3*x + g. What are the prime factors of x?
2
Suppose -5*a = 4*s - 3*s - 4, -20 = -5*s - 3*a. Let f = 6 - -10. Suppose s*q - f = 12. List the prime factors of q.
7
Suppose -6*p + 9*p - 57 = 0. What are the prime factors of p?
19
Let d(g) = g**2 - 6*g - 9. Let r = 3 - -5. List the prime factors of d(r).
7
Let r(q) be the first derivative of q**4/4 + 5*q**3/3 - 4*q**2 - 6*q + 1. Let f be r(-6). Let d = f - 3. List the prime factors of d.
3
Let d(l) = l - 3. Suppose 2*k - 6 = 0, 2*v - v - 2*k = -3. Let j be d(v). Suppose j = -2*u - 2*w, -15 = u + w + 3*w. List the prime factors of u.
5
Let l(t) = t + 2. Suppose 0 = -4*b + 16 + 12. List the prime factors of l(b).
3
Let z(i) = i - 6. Let w be z(6). Suppose -a + 4 - 1 = w. Let p = a - -1. List the prime factors of p.
2
Let r = 2 + 1. What are the prime factors of r?
3
Suppose -3*v + 8*v = -50. Let p = -7 - v. Suppose 0 = 2*z + 3*t - 23, -p*t + 0 = -4*z + 1. List the prime factors of z.
2
Let s(d) = -d**2 - d + 1. Let r(f) = -17*f**3 - 4*f**2 - 6*f + 5. Let a(z) = -r(z) + 5*s(z). What are the prime factors of a(1)?
17
Suppose -57 + 7 = -5*s. What are the prime factors of s/(-7)*(0 + -7)?
2, 5
Let l(n) = -n**2 + 4*n + 9. Let h(j) = 2*j**2 - 7*j - 19. Suppose 2*a - f + 0*f = 8, 2*a = -f + 12. Let t(s) = a*l(s) + 2*h(s). List the prime factors of t(6).
7
Let j(f) = 3*f + 2. Let p be j(2). Suppose -b = -5*b + p. List the prime factors of b.
2
Suppose 4*z = -5*o - 25, 0 = -3*o + o - 10. Suppose z = -0*f - 3*f + 66. List the prime factors of f.
2, 11
Let w = 95 + -57. List the prime factors of w.
2, 19
Let l(b) = 2*b**2 - 28*b + 15. List the prime factors of l(14).
3, 5
What are the prime factors of (-14)/(-35)*30/2?
2, 3
Let z be (12/2)/(9/12). Suppose w + t - 7 = 0, 0 = 2*t - 4*t + z. What are the prime factors of w?
3
Let p(v) = 21*v**2. Let r be p(2). Let s = r - 51. List the prime factors of s.
3, 11
Let v(r) = 3*r**2 - r + 1 + r**3 + 0*r**2 - 4. Let a be v(-3). What are the prime factors of a + -2 + 20/2?
2
Let j(q) = -27*q - 9. Let w be j(-6). Suppose 2*f = -f + w. What are the prime factors of f?
3, 17
List the prime factors of -9 - -95 - (-8)/(-2).
2, 41
Let l = -228 + 78. What are the prime factors of ((-1)/2)/(3/l)?
5
Let f(d) = d**2 - 1. Let c be f(1). Suppose -5*h - 4*i + 3*i + 16 = c, -3*h + 4*i + 5 = 0. Suppose h*n + 14 = 50. What are the prime factors of n?
2, 3
Suppose 9*o - 140 = 4*o. What are the prime factors of o?
2, 7
Suppose 0*h + 30 = 2*h. Let b(z) = -z + 7. Let c be b(5). Suppose i = c*p + 4*i - h, -i = 5*p - 70. List the prime factors of p.
3, 5
What are the prime factors of (0 - -3)*(-368)/(-24)?
2, 23
Let n(l) = l**2 - 11*l + 15. What are the prime factors of n(12)?
3
Let g(h) = -h**3 + 10*h**2 + 9*h - 4. List the prime factors of g(9).
2, 79
List the prime factors of 10*9*(2 + (-16)/12).
2, 3, 5
Let u be -8 + (-2)/(-2) + 2. Suppose -6*a + 5*a = -7. Let i = u + a. List the prime factors of i.
2
Suppose 45 = 5*u + 7*a - 3*a, -2*u - 4*a + 30 = 0. Suppose u*t - 97 + 27 = 0. List the prime factors of t.
2, 7
What are the prime factors of 66/4*(-52)/(-6)?
11, 13
Let n(c) = c - 2. Let l be n(0). Let a be ((30/1)/(-3))/l. Suppose -45 = -a*k - 15. List the prime factors of k.
2, 3
Let f = -70 + 142. Let a = f - 35. List the prime factors of a.
37
Let j(k) = 17*k + 4. Let y be (6/4)/((-21)/364). Let q(p) = 4*p + 1. Let c(l) = y*q(l) + 6*j(l). What are the prime factors of c(-2)?
2
Let q = 2 + 0. Suppose 7 = -q*f + 13. What are the prime factors of f?
3
Let d = 14 - 11. Suppose 5*z + 6*y - y - 40 = 0, -32 = -4*z - d*y. What are the prime factors of z?
2
Let u = 2 - 5. Let b = 0 - u. Suppose 12 = b*i + x, -i + 5*x - 18 = -2*i. What are the prime factors of i?
3
Suppose -2*j + 2 = -2*u, -2*u = 2*u - 3*j + 1. What are the prime factors of -4 + u + 10 + 2?
2, 5
Let y(d) = -d - 2. Let i be y(-5). Suppose -3*g = -i*t + 27, -4*g - 4*t + 2*t - 60 = 0. Let u = -1 - g. List the prime factors of u.
2, 3
Let q = -21 - -33. Let w be ((-6)/8)/(1/(-4)). Suppose 5*a - q = w*a. What are the prime factors of a?
2, 3
Let l = 59 + -11. List the prime factors of l.
2, 3
Let q be 16/2*(-6)/(-24). Let w = 5 - q. What are the prime factors of w?
3
Suppose 31 = 5*f - 9. List the prime factors of f.
2
Let q(b) be the first derivative of -4*b**2 + 4*b + 1/3*b**3 - 2. What are the prime factors of q(8)?
2
Let w = 229 - 129. What are the prime factors of w?
2, 5
Let v(k) be the third derivative of k**6/120 + 11*k**5/60 - k**4/12 + k**3/6 - 2*k**2. List the prime factors of v(-11).
23
Let n(q) = -4*q - 7*q**2 + 12 + 0*q - 3*q + q**3. Let o(b) = 5*b - 32. Let v be o(8). List the prime factors of n(v).
2, 5
Let s(o) = -53*o**3 - 1. What are the prime factors of s(-1)?
2, 13
Let k(a) = 7*a**2 + 2. Let m be k(-2). List the prime factors of -15*(m/(-9) + 3).
5
Let z = 64 + -37. List the prime factors of z.
3
Let c(b) = 5*b**2 + 2*b + 4. What are the prime factors of c(-6)?
2, 43
Let t = -108 + 160. List the prime factors of t.
2, 13
Suppose -b = -5*b + 148. What are the prime factors of b?
37
Let s be 2/3 + 232/12. Let h = s - 17. List the prime factors of h.
3
Let u = -3 + 7. Suppose -u*a = 3*w - 67, -4*a + 0*w = 4*w - 72. List the prime factors of a.
13
Let h(x) = 22*x. What are the prime factors of h(3)?
2, 3, 11
Let l be (3 - 0) + (9 - 11). What are the prime factors of -7*(l + -2) + -2?
5
Suppose 3*u + 1566 = 5*y - u, 3*y - 914 = -4*u. What are the prime factors of y?
2, 5, 31
Let j be 15/(-10)*12/2. Let p(w) = -w**3 - 8*w**2 + 10*w - 9. Let g be p(j). Let x = g + 30. What are the prime factors of x?
2, 3
Suppose 3*j - 3 + 7 = -4*t, -5*t + 3*j = -22. What are the prime factors of (-1551)/(-55) - t/10?
2, 7
Suppose 38 = -s + 265. List the prime factors of s.
227
Let a(g) = -g**3 + 10*g**2 - 3*g - 10. What are the prime factors of a(9)?
2, 11
List the prime factors of 94/2 - (13 - 16).
2, 5
Let n(v) = v**3 + 4*v**2 + 3*v - 14. Let x(a) = a**3 + 3*a**2 + 2*a - 13. Let f(h) = 2*n(h) - 3*x(h). List the prime factors of f(0).
11
Let n(j) = -j**2 - 6*j + 3. Let u be n(-5). Suppose 0 = 5*x - 2*y + 16, -15 = -4*y - y. Let c = u - x. What are the prime factors of c?
2, 5
Let a(t) be the second derivative of -2*t**3/3 - 5*t**2/2 + 2*t. What are the prime factors of a(-6)?
19
Let b = 8 + -14. List the prime factors of 1*b*(-10)/6.
2, 5
Suppose i - 2 = -0*i. Let n be i/10 + (-752)/(-40). Let t = n + -13. List the prime factors of t.
2, 3
Suppose 658 = 8*c - 1254. List the prime factors of c.
239
Let r = -41 + 75. Let o = r + -23. Let i = -8 + o. What are the prime factors of i?
3
Let h(x) = x**3 - 6*x**2 - 8*x + 7. Let r be h(7). Suppose r = u + 3*o - 14, -5*u + 70 = -4*o + 8*o. List the prime factors of u.
2, 7
What are the prime factors of (-2)/(-4)*(-946)/(-11)?
43
Suppose -v = -3*o + 9, -8 = -4*v - 0*o + o. Suppose 4*b + 2*k - 122 = 0, 4*b - 5*b - v*k + 43 = 0. What are the prime factors of b?
2, 7
Suppose -5*i + 5 = -3*i - v, -5*v + 1 = 3*i. Suppose 0 = -l - i*z, -3*l + l + 21 = -3*z. Suppose -t = -l*t + 65. List the prime factors of t.
13
Let o(t) = -3*t**3 - 3*t**2 + 8*t + 9. What are the prime factors of o(-4)?
11
Let b(d) = -13*d + 1. Let g(u) = 6*u - 1. Let h(w) = -2*b(w) - 5*g(w). List the prime factors of h(-4).
19
Suppose 0 = 2*g + 5*i - 358, -5*i + 179 = g - 0*i. What are the prime factors of g?
179
Let b = 1 - -1. Let t be 17 + (-2 - b) + 2. Let u = t + -9. What are the prime factors of u?
2, 3
Let h = 15 - 37. Let d = h + 36. What are the prime factors of d?
2, 7
Let c(j) = 0*j - 45 + 40 + 3*j. List the prime factors of c(8).
19
Let g(a) = a**3 + 6*a**2 - 3*a - 3. Let k be g(-6). Suppose 6 + k = u. List the prime factors of u.
3, 7
Suppose 64 = 5*o - 21. Suppose 3*d - o = -u + 20, -27 = -u - d. What are the prime factor